is the hundreds digit of 3/((-6)/4) - (-520 + -78)?
5
Let d be ((-303)/12)/((-2)/(-16)). Let m = d + 412. What is the hundreds digit of m?
2
Suppose -2*k + 121 = 95. What is the units digit of k?
3
Let i = 337 - 71. What is the hundreds digit of i?
2
Suppose 21 = f + 3*w, 4*w - 9 = -5*f + 41. Suppose -f = 4*k - 5*k + 2*y, -5*y + 3 = 2*k. Suppose -k*v + 29 = -3*v. What is the units digit of v?
9
Suppose -947 = 13*s - 9735. What is the units digit of s?
6
Let y be (16/8)/(1/(-2)). What is the tens digit of -4 + 77 - y/2?
7
Let d(g) = 35*g - 6. What is the thousands digit of d(31)?
1
Let i = 5 - 3. Suppose 0 = 3*c + 4*v - 3*v - 8, -5*c + i*v + 28 = 0. Suppose l + 5 = -0*l - c*f, l + f = 7. What is the tens digit of l?
1
Suppose -5*q - 5*s = -0*q + 5, -2*q + s = 11. Let d(r) = 7*r**2 - 2*r + 5. What is the hundreds digit of d(q)?
1
Suppose m + 5*z = 2359, -m = z + 2*z - 2363. What is the hundreds digit of m?
3
Let x(w) = -w + 23. Let j be x(24). What is the units digit of (7/(-2) + j)*(-48)/36?
6
What is the hundreds digit of 288/(-12)*(1 + (-111)/12)?
1
Suppose -1849 = -3*i + k, -i + 4*k + 607 = -k. What is the units digit of i?
7
Suppose -1963 = -8*k + 981. What is the hundreds digit of k?
3
Let m(f) = -25*f - 14. Let z be m(-7). Suppose 85 + z = 6*o. What is the units digit of o?
1
Suppose -569 = -d - 2*h, -2350 - 463 = -5*d - 2*h. What is the units digit of d?
1
Let x = 45 - 43. Suppose 5*i + 141 = x*n, -4*i + 119 = 4*n - 233. What is the units digit of n?
3
Let q = 368 - 237. Let f(c) = -2*c**2 - 49*c + 27. Let o be f(-24). Let s = q - o. What is the tens digit of s?
8
Suppose -4*w - 4*s = -3*s + 20, -12 = 3*s. What is the units digit of 45 + (w - -4) - 1?
4
Let j(v) = v**3 + 12*v**2 - 17*v - 62. What is the hundreds digit of j(-9)?
3
Let t be ((-10)/4)/((-25)/20). Suppose 0 = k + t*k - 5*i - 503, 0 = -2*k + 4*i + 336. What is the hundreds digit of k?
1
Let q(x) = 3*x + 63. Let j be q(15). Suppose 2*r = -5*v - 375, 3*r - 4 = 11. Let u = j + v. What is the units digit of u?
1
Let p = 2069 - 1148. What is the units digit of p?
1
Let l = 10 - 2. Suppose 8*i = -3*z + 3*i - 28, -i = z + l. Let c = z + 11. What is the units digit of c?
5
Suppose 0 = -0*s + 6*s - 18. Suppose -s*t + 209 = 4*q, 71 = 5*q - t - 176. What is the units digit of q?
0
What is the units digit of 2 - -442 - (20 - 17)?
1
What is the hundreds digit of (-7576)/(-3) + (312/(-18))/13?
5
Let l = -2886 + 312. What is the hundreds digit of l/(-24) - 5/4?
1
Let l be 1*1/(1/21). Let o = -155 - -153. Let y = l - o. What is the tens digit of y?
2
Suppose -7*s + 2418 = -4260. What is the hundreds digit of s?
9
Suppose -7*n + 0*n + 2*n = 0. Suppose -4*j + 0*p = 4*p - 100, 2*j - 3*p - 25 = n. What is the tens digit of j?
2
Suppose -2*v = -6, 2*w + 5*v + 0*v = 15. Let g = w - -41. What is the units digit of g?
1
Suppose 3*r + 2859 = 3*q, 123*q - 121*q + 5*r = 1878. What is the tens digit of q?
4
Let y be (-9)/(-15) - (-1359)/(-15). Let g = y + 133. What is the units digit of g?
3
Let i be 1182/(-8) - 7/28. What is the units digit of ((-3)/(-6))/((-2)/i)?
7
Suppose 2*i - 4*q - 139 = 339, 0 = 5*i + 2*q - 1231. Suppose -10*o + i = -5. What is the tens digit of o?
2
What is the thousands digit of (-2*2)/(156/(-42783))?
1
What is the tens digit of 3/(-12) + 7362/8?
2
Let o(v) be the first derivative of -7*v**5/60 + v**4/6 - v**3/3 - 4. Let d(k) be the third derivative of o(k). What is the units digit of d(-2)?
2
Suppose 0*y - 2*r - 295 = 5*y, 0 = -2*y + 5*r - 118. Let b = 114 + y. What is the units digit of b?
5
Let m(o) be the third derivative of -2*o**4 + 7*o**3/3 - 8*o**2. What is the hundreds digit of m(-3)?
1
What is the hundreds digit of 0 + (11 - 7)/(2/77)?
1
Let c(q) = -4*q - 6. Let v be c(-3). Suppose 125 = -v*w + 437. What is the tens digit of w?
5
What is the units digit of ((-20)/(-70))/(4/5572)?
8
Suppose 0 = s + 12*s - 15665. What is the units digit of s?
5
Let l = 130 - 59. Let o = l - 57. What is the tens digit of o?
1
Let f(n) = n**2 + 5*n + 32. Suppose 0*k + 40 = 4*k. What is the hundreds digit of f(k)?
1
Let d(t) = 13*t - 8 - 21 - 9*t**2 + 15 - t**3. What is the units digit of d(-11)?
5
Let p(h) = -h**3 + 18*h**2 + 24*h - 48. What is the hundreds digit of p(16)?
8
Let p(g) = g**2 + 15*g. Let f = 0 - 15. Let s be p(f). Suppose s*j + 22 = j. What is the tens digit of j?
2
Let w(y) = y - 4. Let o be w(-11). What is the tens digit of -11*2*(o - -13)?
4
Let d = -14 - -318. What is the tens digit of d?
0
Let k(a) be the second derivative of 13*a**3/3 + 3*a**2/2 + 6*a. Let d be k(1). Let i = d - 21. What is the units digit of i?
8
Suppose -g = -4*x + 4*g + 589, -2*g = 5*x - 728. What is the units digit of x?
6
Let w(o) = -13*o**3 + 2*o**2 + 3*o. Let t be w(-2). Suppose 134 = 4*s - t. What is the tens digit of s?
6
Let i = 33 + -12. Let z = -72 + 59. Let f = z + i. What is the units digit of f?
8
Suppose -28*q - 363 = -9967. What is the tens digit of q?
4
Let p(t) = t**2 + 2*t - 3. Let x be p(-9). Let g be (x/8)/((-1)/(-14)). Let d = g - 64. What is the units digit of d?
1
Suppose 0 = -26*c + 22*c - 8. Let v(w) = -118*w - 20. What is the hundreds digit of v(c)?
2
Let s = -76 - -31. Let w be 30/s*(-1 + -5). Suppose 0 = 2*t + t - 3, -w*t = -4*z + 72. What is the units digit of z?
9
Suppose 4*r = -2 + 22. Suppose 4*x + 87 = 3*v, 0 = -2*x - 0*x + r*v - 61. Let n = -10 - x. What is the units digit of n?
8
Let w = 14 - 5. Let l = w - 4. Suppose 0 = -4*n - 2*u + 30, n = 6*n - l*u - 60. What is the units digit of n?
9
Suppose 9*z - 36 = -3*z. Suppose -2*k + 3*m + 60 = 2*k, -z*k - 3*m = -45. What is the units digit of k?
5
Let t(w) = -6 - 4*w**2 + 0*w**3 + 5*w - 4*w - w**3. Let g be 16/6 + (-69)/9. What is the units digit of t(g)?
4
Let o(x) = 7*x**2 - 14*x + 3. Let u(n) = -7*n**2 + 15*n - 3. Let i(h) = 3*o(h) + 2*u(h). What is the units digit of i(5)?
8
Let f = 2 + -5. What is the tens digit of (f - -11)/(8/52)?
5
Let m = -15 + 18. Suppose -u + 0*u - m = 0, -3*z - 4*u = -66. What is the units digit of z?
6
Let t be 116/10 + 16/40. Let d be 1 + 6*4/t. Suppose -d*f + 4 = -2*f. What is the units digit of f?
4
Let q be (7 + -10)/((-1)/91). Let h be (-291)/2*16/12. Let w = h + q. What is the units digit of w?
9
Suppose -v - 7 = 3*l, 5*v + l - 21 = -0*l. Suppose 5*j = -v*j + 1570. What is the tens digit of j?
5
Suppose -4*d - 4270 = -7*z + 2*z, 2*z - 1721 = -d. What is the units digit of z?
8
Let t(g) = g**2 - 1. Let p(s) be the second derivative of s**4/12 - 7*s**3/6 - s**2 - 3*s. Let m(b) = -p(b) + 3*t(b). What is the tens digit of m(-7)?
4
Let y = 129 - 87. What is the units digit of 3184/14 + 18/y*-1?
7
Let y(q) = 6*q - 20 - 15 + 14. What is the tens digit of y(12)?
5
What is the hundreds digit of 2*(-21)/(-112) - (-25972)/32?
8
Suppose 3*k + 5*g = 9, 2*g - 12 = 4*k + 2. What is the units digit of 4*((-1)/k - -1)?
6
Let n(t) = -1276*t - 49. What is the units digit of n(-3)?
9
Suppose 0*q = q - 1. Let m = 2 + q. Suppose 0 = -s - m*s + 56. What is the tens digit of s?
1
Let w be (-1 + -1)/(2/(-2)). Suppose 0 = 2*j - g - w*g - 4, 0 = -5*j + g + 10. Suppose -3*a + j*a + 3*d = -47, -2*a - d + 66 = 0. What is the tens digit of a?
3
Suppose -139 = -c + 52. Let y = c - 138. What is the tens digit of y?
5
Suppose 3*o - 1700 = -2*l - 2*l, 4*o - 3*l - 2275 = 0. What is the units digit of o?
8
Let d(g) = -g**3 - 23*g**2 + 19*g - 18. What is the hundreds digit of d(-24)?
1
Let m = -2 - -14. What is the tens digit of (6/(-4))/(m/(-408))?
5
Let o(s) = 6*s - 38. Let m be o(9). Suppose -21*q = -m*q - 630. What is the units digit of q?
6
What is the units digit of 2239864/528 - 5/(-6)?
3
Let y = 106 + -112. What is the units digit of (-1)/y + (-1705)/(-30)?
7
Let q = -14 - -13. Let a be 1 + -2 - (5 - q). What is the tens digit of 45*1 - (a + 10)?
4
Let x(q) = -6*q + 5. Suppose -8 - 12 = -5*m + z, m + 4*z + 17 = 0. Let y be x(m). Let r = y - -21. What is the units digit of r?
8
Suppose -2 = -3*f + w + 3, 3*f - 5*w + 11 = 0. Suppose -f*y + 49 + 35 = 0. Suppose -4*x + 0*x = -y. What is the units digit of x?
7
What is the tens digit of -4 + 12/2 - -694?
9
Let v = -17 - -22. Suppose 0 = -4*m + n + 65, -n = -m + 22 - v. Suppose 15*x = 11*x + m. What is the units digit of x?
4
Suppose 888 = -11*b + 14*b. What is th